{"id":6466,"date":"2022-01-17T20:28:13","date_gmt":"2022-01-17T19:28:13","guid":{"rendered":"https:\/\/www.svvcr.cz\/wp-content\/uploads\/2022\/01\/vlevo-Alfons-Tomasek-Rudolf-Job-prostred-clen-hradni-straze-1.jpg"},"modified":"2022-01-17T20:30:21","modified_gmt":"2022-01-17T19:30:21","slug":"vlevo-alfons-tomasek-rudolf-job-prostred-clen-hradni-straze-1-2","status":"inherit","type":"attachment","link":"https:\/\/www.svvcr.cz\/en\/vlevo-alfons-tomasek-rudolf-job-prostred-clen-hradni-straze-1-2\/","title":{"rendered":"vlevo Alfons Tom\u00e1\u0161ek, Rudolf Job prost\u0159ed \u010dlen hradn\u00ed str\u00e1\u017ee (1)"},"author":2,"featured_media":0,"comment_status":"closed","ping_status":"closed","template":"","meta":[],"asenha-media-category":[],"class_list":["post-6466","attachment","type-attachment","status-inherit","hentry"],"description":{"rendered":"<p class=\"attachment\"><a data-rel=\"iLightbox[postimages]\" data-title=\"\" data-caption=\"\" href='https:\/\/www.svvcr.cz\/wp-content\/uploads\/2022\/01\/vlevo-Alfons-Tomasek-Rudolf-Job-prostred-clen-hradni-straze-1.jpg'><img decoding=\"async\" width=\"300\" height=\"169\" src=\"https:\/\/www.svvcr.cz\/wp-content\/uploads\/2022\/01\/vlevo-Alfons-Tomasek-Rudolf-Job-prostred-clen-hradni-straze-1-300x169.jpg\" class=\"attachment-medium size-medium\" alt=\"\" srcset=\"https:\/\/www.svvcr.cz\/wp-content\/uploads\/2022\/01\/vlevo-Alfons-Tomasek-Rudolf-Job-prostred-clen-hradni-straze-1-200x113.jpg 200w, https:\/\/www.svvcr.cz\/wp-content\/uploads\/2022\/01\/vlevo-Alfons-Tomasek-Rudolf-Job-prostred-clen-hradni-straze-1-300x169.jpg 300w, https:\/\/www.svvcr.cz\/wp-content\/uploads\/2022\/01\/vlevo-Alfons-Tomasek-Rudolf-Job-prostred-clen-hradni-straze-1-400x225.jpg 400w, https:\/\/www.svvcr.cz\/wp-content\/uploads\/2022\/01\/vlevo-Alfons-Tomasek-Rudolf-Job-prostred-clen-hradni-straze-1-600x338.jpg 600w, https:\/\/www.svvcr.cz\/wp-content\/uploads\/2022\/01\/vlevo-Alfons-Tomasek-Rudolf-Job-prostred-clen-hradni-straze-1-768x432.jpg 768w, https:\/\/www.svvcr.cz\/wp-content\/uploads\/2022\/01\/vlevo-Alfons-Tomasek-Rudolf-Job-prostred-clen-hradni-straze-1-800x450.jpg 800w, https:\/\/www.svvcr.cz\/wp-content\/uploads\/2022\/01\/vlevo-Alfons-Tomasek-Rudolf-Job-prostred-clen-hradni-straze-1.jpg 1024w\" sizes=\"(max-width: 300px) 100vw, 300px\" \/><\/a><\/p>\n"},"caption":{"rendered":"<p>vlevo Alfons Tom\u00e1\u0161ek, Rudolf Job uprost\u0159ed \u010dlen hradn\u00ed str\u00e1\u017ee<\/p>\n"},"alt_text":"","media_type":"image","mime_type":"image\/jpeg","media_details":{"width":1024,"height":576,"file":"2022\/01\/vlevo-Alfons-Tomasek-Rudolf-Job-prostred-clen-hradni-straze-1.jpg","sizes":{"medium":{"file":"vlevo-Alfons-Tomasek-Rudolf-Job-prostred-clen-hradni-straze-1-300x169.jpg","width":300,"height":169,"mime_type":"image\/jpeg","source_url":"https:\/\/www.svvcr.cz\/wp-content\/uploads\/2022\/01\/vlevo-Alfons-Tomasek-Rudolf-Job-prostred-clen-hradni-straze-1-300x169.jpg"},"thumbnail":{"file":"vlevo-Alfons-Tomasek-Rudolf-Job-prostred-clen-hradni-straze-1-150x150.jpg","width":150,"height":150,"mime_type":"image\/jpeg","source_url":"https:\/\/www.svvcr.cz\/wp-content\/uploads\/2022\/01\/vlevo-Alfons-Tomasek-Rudolf-Job-prostred-clen-hradni-straze-1-150x150.jpg"},"medium_large":{"file":"vlevo-Alfons-Tomasek-Rudolf-Job-prostred-clen-hradni-straze-1-768x432.jpg","width":768,"height":432,"mime_type":"image\/jpeg","source_url":"https:\/\/www.svvcr.cz\/wp-content\/uploads\/2022\/01\/vlevo-Alfons-Tomasek-Rudolf-Job-prostred-clen-hradni-straze-1-768x432.jpg"},"blog-large":{"file":"vlevo-Alfons-Tomasek-Rudolf-Job-prostred-clen-hradni-straze-1-669x272.jpg","width":669,"height":272,"mime_type":"image\/jpeg","source_url":"https:\/\/www.svvcr.cz\/wp-content\/uploads\/2022\/01\/vlevo-Alfons-Tomasek-Rudolf-Job-prostred-clen-hradni-straze-1-669x272.jpg"},"blog-medium":{"file":"vlevo-Alfons-Tomasek-Rudolf-Job-prostred-clen-hradni-straze-1-320x202.jpg","width":320,"height":202,"mime_type":"image\/jpeg","source_url":"https:\/\/www.svvcr.cz\/wp-content\/uploads\/2022\/01\/vlevo-Alfons-Tomasek-Rudolf-Job-prostred-clen-hradni-straze-1-320x202.jpg"},"recent-posts":{"file":"vlevo-Alfons-Tomasek-Rudolf-Job-prostred-clen-hradni-straze-1-700x441.jpg","width":700,"height":441,"mime_type":"image\/jpeg","source_url":"https:\/\/www.svvcr.cz\/wp-content\/uploads\/2022\/01\/vlevo-Alfons-Tomasek-Rudolf-Job-prostred-clen-hradni-straze-1-700x441.jpg"},"recent-works-thumbnail":{"file":"vlevo-Alfons-Tomasek-Rudolf-Job-prostred-clen-hradni-straze-1-66x66.jpg","width":66,"height":66,"mime_type":"image\/jpeg","source_url":"https:\/\/www.svvcr.cz\/wp-content\/uploads\/2022\/01\/vlevo-Alfons-Tomasek-Rudolf-Job-prostred-clen-hradni-straze-1-66x66.jpg"},"fusion-200":{"file":"vlevo-Alfons-Tomasek-Rudolf-Job-prostred-clen-hradni-straze-1-200x113.jpg","width":200,"height":113,"mime_type":"image\/jpeg","source_url":"https:\/\/www.svvcr.cz\/wp-content\/uploads\/2022\/01\/vlevo-Alfons-Tomasek-Rudolf-Job-prostred-clen-hradni-straze-1-200x113.jpg"},"fusion-400":{"file":"vlevo-Alfons-Tomasek-Rudolf-Job-prostred-clen-hradni-straze-1-400x225.jpg","width":400,"height":225,"mime_type":"image\/jpeg","source_url":"https:\/\/www.svvcr.cz\/wp-content\/uploads\/2022\/01\/vlevo-Alfons-Tomasek-Rudolf-Job-prostred-clen-hradni-straze-1-400x225.jpg"},"fusion-600":{"file":"vlevo-Alfons-Tomasek-Rudolf-Job-prostred-clen-hradni-straze-1-600x338.jpg","width":600,"height":338,"mime_type":"image\/jpeg","source_url":"https:\/\/www.svvcr.cz\/wp-content\/uploads\/2022\/01\/vlevo-Alfons-Tomasek-Rudolf-Job-prostred-clen-hradni-straze-1-600x338.jpg"},"fusion-800":{"file":"vlevo-Alfons-Tomasek-Rudolf-Job-prostred-clen-hradni-straze-1-800x450.jpg","width":800,"height":450,"mime_type":"image\/jpeg","source_url":"https:\/\/www.svvcr.cz\/wp-content\/uploads\/2022\/01\/vlevo-Alfons-Tomasek-Rudolf-Job-prostred-clen-hradni-straze-1-800x450.jpg"},"portfolio-full":{"file":"vlevo-Alfons-Tomasek-Rudolf-Job-prostred-clen-hradni-straze-1-940x400.jpg","width":940,"height":400,"mime_type":"image\/jpeg","source_url":"https:\/\/www.svvcr.cz\/wp-content\/uploads\/2022\/01\/vlevo-Alfons-Tomasek-Rudolf-Job-prostred-clen-hradni-straze-1-940x400.jpg"},"portfolio-one":{"file":"vlevo-Alfons-Tomasek-Rudolf-Job-prostred-clen-hradni-straze-1-540x272.jpg","width":540,"height":272,"mime_type":"image\/jpeg","source_url":"https:\/\/www.svvcr.cz\/wp-content\/uploads\/2022\/01\/vlevo-Alfons-Tomasek-Rudolf-Job-prostred-clen-hradni-straze-1-540x272.jpg"},"portfolio-two":{"file":"vlevo-Alfons-Tomasek-Rudolf-Job-prostred-clen-hradni-straze-1-460x295.jpg","width":460,"height":295,"mime_type":"image\/jpeg","source_url":"https:\/\/www.svvcr.cz\/wp-content\/uploads\/2022\/01\/vlevo-Alfons-Tomasek-Rudolf-Job-prostred-clen-hradni-straze-1-460x295.jpg"},"portfolio-three":{"file":"vlevo-Alfons-Tomasek-Rudolf-Job-prostred-clen-hradni-straze-1-300x214.jpg","width":300,"height":214,"mime_type":"image\/jpeg","source_url":"https:\/\/www.svvcr.cz\/wp-content\/uploads\/2022\/01\/vlevo-Alfons-Tomasek-Rudolf-Job-prostred-clen-hradni-straze-1-300x214.jpg"},"portfolio-five":{"file":"vlevo-Alfons-Tomasek-Rudolf-Job-prostred-clen-hradni-straze-1-177x142.jpg","width":177,"height":142,"mime_type":"image\/jpeg","source_url":"https:\/\/www.svvcr.cz\/wp-content\/uploads\/2022\/01\/vlevo-Alfons-Tomasek-Rudolf-Job-prostred-clen-hradni-straze-1-177x142.jpg"},"full":{"file":"vlevo-Alfons-Tomasek-Rudolf-Job-prostred-clen-hradni-straze-1.jpg","width":1024,"height":576,"mime_type":"image\/jpeg","source_url":"https:\/\/www.svvcr.cz\/wp-content\/uploads\/2022\/01\/vlevo-Alfons-Tomasek-Rudolf-Job-prostred-clen-hradni-straze-1.jpg"}},"image_meta":{"aperture":"1.7","credit":"","camera":"SM-J730F","caption":"","created_timestamp":"1641996587","copyright":"","focal_length":"3.71","iso":"64","shutter_speed":"0.02","title":"","orientation":"1","keywords":[]},"ShortPixel":{"type":"lossy","exifKept":"0","date":"2022-01-17 19:36:57","thumbsOpt":16,"thumbsOptList":["vlevo-Alfons-Tomasek-Rudolf-Job-prostred-clen-hradni-straze-1-300x169.jpg","vlevo-Alfons-Tomasek-Rudolf-Job-prostred-clen-hradni-straze-1-150x150.jpg","vlevo-Alfons-Tomasek-Rudolf-Job-prostred-clen-hradni-straze-1-768x432.jpg","vlevo-Alfons-Tomasek-Rudolf-Job-prostred-clen-hradni-straze-1-669x272.jpg","vlevo-Alfons-Tomasek-Rudolf-Job-prostred-clen-hradni-straze-1-320x202.jpg","vlevo-Alfons-Tomasek-Rudolf-Job-prostred-clen-hradni-straze-1-700x441.jpg","vlevo-Alfons-Tomasek-Rudolf-Job-prostred-clen-hradni-straze-1-66x66.jpg","vlevo-Alfons-Tomasek-Rudolf-Job-prostred-clen-hradni-straze-1-200x113.jpg","vlevo-Alfons-Tomasek-Rudolf-Job-prostred-clen-hradni-straze-1-400x225.jpg","vlevo-Alfons-Tomasek-Rudolf-Job-prostred-clen-hradni-straze-1-600x338.jpg","vlevo-Alfons-Tomasek-Rudolf-Job-prostred-clen-hradni-straze-1-800x450.jpg","vlevo-Alfons-Tomasek-Rudolf-Job-prostred-clen-hradni-straze-1-940x400.jpg","vlevo-Alfons-Tomasek-Rudolf-Job-prostred-clen-hradni-straze-1-540x272.jpg","vlevo-Alfons-Tomasek-Rudolf-Job-prostred-clen-hradni-straze-1-460x295.jpg","vlevo-Alfons-Tomasek-Rudolf-Job-prostred-clen-hradni-straze-1-300x214.jpg","vlevo-Alfons-Tomasek-Rudolf-Job-prostred-clen-hradni-straze-1-177x142.jpg"],"excludeSizes":[],"retinasOpt":0},"ShortPixelImprovement":"47.95"},"post":null,"source_url":"https:\/\/www.svvcr.cz\/wp-content\/uploads\/2022\/01\/vlevo-Alfons-Tomasek-Rudolf-Job-prostred-clen-hradni-straze-1.jpg","_links":{"self":[{"href":"https:\/\/www.svvcr.cz\/en\/wp-json\/wp\/v2\/media\/6466","targetHints":{"allow":["GET"]}}],"collection":[{"href":"https:\/\/www.svvcr.cz\/en\/wp-json\/wp\/v2\/media"}],"about":[{"href":"https:\/\/www.svvcr.cz\/en\/wp-json\/wp\/v2\/types\/attachment"}],"author":[{"embeddable":true,"href":"https:\/\/www.svvcr.cz\/en\/wp-json\/wp\/v2\/users\/2"}],"replies":[{"embeddable":true,"href":"https:\/\/www.svvcr.cz\/en\/wp-json\/wp\/v2\/comments?post=6466"}],"wp:term":[{"taxonomy":"asenha-media-category","embeddable":true,"href":"https:\/\/www.svvcr.cz\/en\/wp-json\/wp\/v2\/asenha-media-category?post=6466"}],"curies":[{"name":"wp","href":"https:\/\/api.w.org\/{rel}","templated":true}]}}

vlevo Alfons Tomášek, Rudolf Job prostřed člen hradní stráže (1)

<p>vlevo Alfons Tomášek, Rudolf Job uprostřed člen hradní stráže</p>
